Calculate the highest common factor of 60 and 1644.
12
Calculate the greatest common factor of 146 and 5986.
146
What is the highest common factor of 21 and 567?
21
What is the greatest common divisor of 860 and 200?
20
Calculate the greatest common factor of 6 and 1917.
3
Calculate the greatest common divisor of 1060 and 80.
20
What is the highest common divisor of 84 and 196?
28
What is the greatest common divisor of 1611 and 2864?
179
Calculate the highest common divisor of 22 and 14.
2
What is the greatest common divisor of 1152 and 64?
64
Calculate the highest common divisor of 48 and 60.
12
What is the greatest common divisor of 6 and 282?
6
What is the greatest common divisor of 1224 and 459?
153
What is the greatest common factor of 1647 and 27?
27
Calculate the highest common divisor of 11 and 11.
11
What is the greatest common factor of 508 and 14859?
127
What is the highest common factor of 22 and 11?
11
What is the highest common divisor of 36 and 104?
4
What is the greatest common factor of 176 and 132?
44
Calculate the greatest common factor of 1 and 64.
1
What is the greatest common factor of 8253 and 18?
9
What is the greatest common factor of 232 and 40?
8
Calculate the greatest common divisor of 704 and 88.
88
Calculate the highest common factor of 924 and 77.
77
What is the greatest common divisor of 153 and 63?
9
What is the highest common divisor of 1 and 3515?
1
What is the greatest common divisor of 210 and 336?
42
Calculate the highest common divisor of 437 and 19.
19
Calculate the greatest common factor of 164 and 39524.
164
What is the highest common factor of 1173 and 255?
51
Calculate the highest common divisor of 128 and 1072.
16
Calculate the highest common factor of 943 and 82.
41
Calculate the greatest common divisor of 319 and 87.
29
What is the highest common factor of 1054 and 2542?
62
Calculate the highest common divisor of 11 and 11.
11
What is the greatest common factor of 835 and 1837?
167
Calculate the highest common factor of 144 and 225.
9
Calculate the highest common factor of 12 and 31.
1
Calculate the greatest common factor of 219 and 511.
73
Calculate the greatest common factor of 37 and 6031.
37
What is the greatest common factor of 80 and 150?
10
What is the highest common factor of 364 and 10?
2
Calculate the greatest common divisor of 89 and 4.
1
Calculate the greatest common factor of 150 and 30.
30
Calculate the highest common factor of 69 and 276.
69
Calculate the greatest common divisor of 5123 and 47.
47
What is the highest common divisor of 270 and 70?
10
Calculate the highest common factor of 33600 and 30.
30
What is the highest common factor of 62 and 1829?
31
What is the highest common divisor of 11245 and 143?
13
Calculate the highest common divisor of 21964 and 17.
17
What is the greatest common divisor of 35 and 91?
7
What is the greatest common divisor of 9 and 261?
9
Calculate the greatest common divisor of 832 and 104.
104
What is the highest common divisor of 66 and 440?
22
Calculate the greatest common divisor of 78 and 33410.
26
What is the highest common divisor of 23 and 10?
1
What is the greatest common factor of 9 and 5?
1
What is the highest common divisor of 221 and 117?
13
What is the highest common divisor of 11000 and 32?
8
What is the highest common factor of 868 and 8804?
124
What is the greatest common factor of 793 and 427?
61
What is the greatest common factor of 108 and 702?
54
Calculate the highest common divisor of 9 and 63.
9
Calculate the greatest common divisor of 6 and 2.
2
What is the greatest common divisor of 14 and 26943?
7
What is the highest common divisor of 18 and 2286?
18
Calculate the greatest common divisor of 92 and 9131.
23
Calculate the greatest common factor of 1926 and 45.
9
What is the greatest common divisor of 5 and 3125?
5
Calculate the greatest common factor of 1728 and 132.
12
What is the greatest common factor of 582 and 7760?
194
Calculate the highest common factor of 910 and 52.
26
Calculate the highest common divisor of 45 and 19965.
15
Calculate the highest common divisor of 44 and 20.
4
Calculate the greatest common factor of 11 and 11.
11
What is the greatest common factor of 10 and 25?
5
Calculate the greatest common factor of 108 and 7236.
108
Calculate the greatest common divisor of 1954 and 4.
2
Calculate the greatest common divisor of 344 and 86.
86
Calculate the greatest common divisor of 1351 and 7.
7
Calculate the greatest common factor of 287 and 21.
7
Calculate the greatest common factor of 100 and 40.
20
Calculate the greatest common factor of 580 and 20.
20
Calculate the highest common factor of 98 and 1519.
49
What is the greatest common factor of 703 and 148?
37
Calculate the greatest common divisor of 175 and 14.
7
What is the greatest common factor of 840 and 40?
40
Calculate the greatest common divisor of 16678 and 62.
62
Calculate the greatest common factor of 22 and 583.
11
What is the greatest common factor of 5 and 965?
5
What is the highest common factor of 90 and 440?
10
Calculate the greatest common divisor of 24 and 372.
12
Calculate the highest common divisor of 52 and 689.
13
Calculate the highest common factor of 841 and 29.
29
Calculate the highest common factor of 15 and 183.
3
What is the greatest common divisor of 10 and 475?
5
What is the highest common divisor of 16 and 1296?
16
Calculate the greatest common factor of 14 and 161.
7
Calculate the highest common factor of 1032 and 48.
24
What is the highest common factor of 6 and 762?
6
What is the greatest common divisor of 88 and 616?
88
Calculate the highest common factor of 20 and 335.
5
What is the greatest common factor of 24 and 3?
3
What is the greatest common factor of 154 and 4708?
22
What is the greatest common divisor of 273 and 78?
39
What is the greatest common divisor of 30 and 24?
6
Calculate the greatest common divisor of 165 and 24.
3
Calculate the greatest common factor of 122 and 4.
2
Calculate the greatest common factor of 13 and 1807.
13
What is the highest common divisor of 20294 and 146?
146
What is the highest common factor of 333 and 108?
9
Calculate the greatest common divisor of 48 and 258.
6
Calculate the highest common factor of 2340 and 108.
36
Calculate the highest common divisor of 12549 and 267.
267
Calculate the greatest common factor of 6 and 39714.
6
Calculate the highest common divisor of 66 and 2684.
22
Calculate the greatest common divisor of 22 and 33.
11
What is the highest common divisor of 70 and 1008?
14
What is the highest common factor of 266 and 19?
19
Calculate the greatest common factor of 405 and 360.
45
Calculate the greatest common divisor of 3272 and 16.
8
Calculate the greatest common factor of 59210 and 155.
155
Calculate the highest common divisor of 630 and 12810.
210
Calculate the greatest common factor of 12733 and 119.
119
What is the highest common divisor of 10605 and 105?
105
Calculate the greatest common factor of 25065 and 45.
45
What is the highest common factor of 296 and 1850?
74
Calculate the highest common divisor of 19 and 1843.
19
What is the highest common factor of 9 and 75?
3
Calculate the highest common divisor of 15 and 30.
15
Calculate the highest common divisor of 959 and 49.
7
What is the greatest common factor of 2263 and 803?
73
What is the highest common divisor of 588 and 154?
14
What is the greatest common factor of 406 and 469?
7
Calculate the greatest common divisor of 3264 and 18.
6
What is the greatest common factor of 108 and 144?
36
Calculate the greatest common factor of 114 and 11628.
114
What is the greatest common factor of 245 and 105?
35
What is the highest common divisor of 18 and 22014?
18
Calculate the highest common divisor of 2184 and 126.
42
What is the greatest common factor of 156 and 96?
12
What is the greatest common divisor of 2079 and 189?
189
What is the highest common divisor of 63 and 1071?
63
Calculate the greatest common factor of 1075 and 225.
25
Calculate the greatest common factor of 37 and 3367.
37
What is the highest common divisor of 496 and 434?
62
What is the greatest common factor of 225 and 815?
5
What is the highest common divisor of 234 and 117?
117
What is the highest common divisor of 2000 and 5800?
200
Calculate t